 + 8, -3*m + 4*l = -9. Suppose -m*c + 0*o + s = o, 5*c - 10 = 5*o. What are the prime factors of c?
3
Let w(v) = -37*v. Let h be w(-1). Let g(d) = 2*d**2 - 4*d + 3. Let k be g(2). Suppose 2 = k*y - h. What are the prime factors of y?
13
Let o = -104 + 212. What are the prime factors of o?
2, 3
Suppose 105 = 4*q - 9*q. Let x be (-2)/(-4) + (-114)/(-4). Let b = x + q. List the prime factors of b.
2
Suppose 4*s = -3*v + 5*v + 4, -9 = -3*s. Suppose 0 = -3*j - v*y - 0*y + 37, -j = -3*y + 5. What are the prime factors of j?
7
List the prime factors of 1 + 2 - (3 + -30).
2, 3, 5
Suppose 2*t + 5*m + 0*m = 1, 3*m = 5*t - 49. Suppose -2*r + t = -26. List the prime factors of r.
17
Let i(s) = 8*s + 7. Let g be i(-8). List the prime factors of (4/12)/((-1)/g).
19
Let b(g) = 28*g - 16. Let a(z) = 7*z - 4. Let h(q) = 9*a(q) - 2*b(q). List the prime factors of h(4).
2, 3
Let j(m) = 12 - 2*m - 2*m + 5*m. Let y be j(-9). Suppose 3*s - 19 = -d - 7, 2*s = y*d - 14. What are the prime factors of d?
2, 3
Suppose 0 = -0*a + 2*a, 0 = 3*j - 4*a. Suppose 12 = -j*i + 3*i. List the prime factors of i.
2
Suppose -23 - 82 = -5*u. List the prime factors of u.
3, 7
List the prime factors of -4 + 0 + 5 - -1.
2
Suppose 3*p + 1 = -q - 8, 3*p = 4*q - 9. Suppose -4*b + 9*b = q. Suppose s = -5*j + 40, -2*j + 2*s + 28 = -b*s. List the prime factors of j.
3
Suppose 0 = 5*q + 5*n - 871 + 156, 0 = 5*q - 5*n - 725. What are the prime factors of q?
2, 3
Let x be (-32)/(-4)*(0 - 1). Let q = -10 + 23. Let t = x + q. What are the prime factors of t?
5
Suppose -p = 2*p + 27. Let s = p + 11. Suppose -5*t + 9 = u, 0*t + s*t + 23 = u. List the prime factors of u.
19
Suppose -k = -6 - 5. List the prime factors of k.
11
List the prime factors of ((-4)/(-5))/((-1)/(-105) + 0).
2, 3, 7
Let h = 7 + 1. What are the prime factors of (360/(-16))/((-6)/h)?
2, 3, 5
Suppose 0 = -3*s + 3*t + 261, -4*s - 4*t + 2*t = -330. List the prime factors of s.
2, 3, 7
Let t be (-36 + (1 - 3))/(-2). Suppose 4 = -4*n + 3*l + 5, -3*l = n - t. List the prime factors of n.
2
Let n be 2/3 - (-4)/3. Let g be ((-4)/6)/(10/(-30)). List the prime factors of g + (-6)/n + 11.
2, 5
Suppose -5*o - 50 = -0*o. Let j = 6 - o. What are the prime factors of j?
2
Let j = 18 + 18. Suppose 2*r - 22 = -n - 2, j = 5*r - n. What are the prime factors of r?
2
Let b = 1 - -1. Let a be b/(-2)*(-30)/3. Let z = -7 + a. What are the prime factors of z?
3
Let j be (-7)/(-2 - (1 - 2)). Suppose 4*b + 18 + 8 = 3*o, 5*o - 35 = 5*b. Suppose o*d + 65 = j*d. What are the prime factors of d?
13
Let l(x) = -11*x + 1. Let c = -2 - -1. Let y be l(c). Suppose -m + 3*m - k - 12 = 0, -5*k - y = -4*m. List the prime factors of m.
2
Let s(i) = -i**2 - 5*i + 3. Let v be s(-5). List the prime factors of ((-14)/v)/((-3)/9).
2, 7
What are the prime factors of (-244)/(-4) + 3 + 3?
67
Let u = 13 + 2. Suppose 3*p - 4*a = 19, -2*p + 6*a + u = a. List the prime factors of p.
5
Suppose 3*k + 0 = -12. Let d(n) = -11*n - 8. What are the prime factors of d(k)?
2, 3
Suppose -3*z = -2*z - 80. Suppose -z = -7*a + 2*a. What are the prime factors of a?
2
Suppose 5*b - 1 = 4*x - 28, 0 = 4*x + 5*b + 3. Suppose 0 = 3*q - x*i, 2 + 2 = -q + 2*i. Let y(v) = 3*v - 4. List the prime factors of y(q).
2
What are the prime factors of 8/28 + 960/21?
2, 23
Let s(k) = 10*k + 7 - 2*k - k. Let v be s(5). Suppose y - 5*b - 21 = 0, 3*y = -y - b + v. List the prime factors of y.
11
Let v(f) = f**2 + 14*f + 16. Let o be v(-13). Suppose 32 = -o*y + 110. List the prime factors of y.
2, 13
Let n(z) = 2*z**2 + 13*z + 9. What are the prime factors of n(-6)?
3
Let y be (1 - 5)*(-2 - -1). Suppose -y*w = -0*w. What are the prime factors of (w + 3)*8/6?
2
Let l = -12 + 12. Let b(o) = -o**2 + 5. What are the prime factors of b(l)?
5
Suppose 89 = 3*z - x - 3*x, -5*x = 5*z - 125. Suppose 0 = -4*r + 33 + z. List the prime factors of r.
3, 5
Let x(j) = j**3 + 14*j**2 - 15*j + 6. What are the prime factors of x(-15)?
2, 3
Suppose 53 = q - 5*v, -3*q + v + 37 = -2*q. Suppose t = 2*t - q. Suppose -9 = 3*o - t. List the prime factors of o.
2
Suppose 3*l - 12 = -4*v - v, 2*l + 3*v - 8 = 0. Let z be 4/1 - (l + -2). Let n = z - -2. List the prime factors of n.
2
What are the prime factors of (-8 - -186) + (-2 - -4)?
2, 3, 5
Let n(q) = -q**3 + 11*q**2 - 6*q - 5. List the prime factors of n(7).
149
Suppose 2*a - 2 = -3*i - 9, 4*i = -2*a - 10. List the prime factors of (i/(-9))/((-2)/(-24)).
2
Let c(v) = 4*v - 14. Let q be c(14). Let t = q - 0. What are the prime factors of t?
2, 3, 7
Let i(u) be the third derivative of -u**2 + 1/60*u**5 + 1/24*u**4 + 0 + 0*u + 11/6*u**3 + 1/120*u**6. What are the prime factors of i(0)?
11
Let k be (-3)/9 - 2/(-6). Suppose 12 = f - k*f. List the prime factors of f.
2, 3
Suppose 0 = 5*w + z - 3 - 22, -5*z = 3*w + 7. What are the prime factors of w?
2, 3
Let q(a) = 3*a**2 + a - 1. Let c be q(-2). Let s = -23 + 109. What are the prime factors of 2/c - s/(-18)?
5
Suppose 3*x + 10 = 5*x. Suppose 0 = -w + 1, 2*y + x*w = -3 + 38. List the prime factors of y.
3, 5
Let n = 17 + -17. Let s = n + 41. List the prime factors of s.
41
Suppose -5*p - l = 4, 3*p + p + 9 = 5*l. List the prime factors of (-1 + 1 + p)*-4.
2
Suppose -c + 76 = 4*m, -2*m + 476 = 5*c - 6*m. Suppose -3*p - c = -5*p. Suppose -l - 5*f = -6, 0 = -4*l + 5*f + p + 3. What are the prime factors of l?
11
Let t be (-1)/3 + (-4)/(-3). Let v = 9 - t. Suppose -5*j - b - 2*b = -34, -4*b = v. List the prime factors of j.
2
Suppose 6*a - 2*a = 556. What are the prime factors of a?
139
Let a(b) = -b**2 - 23*b + 10. List the prime factors of a(-10).
2, 5, 7
Suppose -3*z - 2*c - 22 = 0, 0 = -4*z + 3*c + 2*c + 9. List the prime factors of z/(-26) - (-712)/104.
7
Let z = 8 - 8. Suppose -12 = -p + 2*j, -73 + z = -5*p - 3*j. List the prime factors of p.
2, 7
Let o = 112 - 73. Suppose -5*c = -61 - o. List the prime factors of c.
2, 5
Suppose -5*q + 17 = -2*a, -a + 2*a - 2*q + 7 = 0. Suppose b = 2*s + 5*b - 42, 0 = -5*s + 4*b + 63. What are the prime factors of (s/6*-4)/a?
2, 5
Let b(u) = u**3 - 5*u**2 - 4*u + 5. Let v(s) = s - 3. Let q be v(9). What are the prime factors of b(q)?
17
Let l(q) = 37*q**2 + q - 2. List the prime factors of l(3).
2, 167
Let g be (0 - 1) + 4 + 0. Suppose l + 4*r = 24, -2*l - 3*r = 3*l - 103. Suppose 7*x - g*x - l = 0. What are the prime factors of x?
5
Suppose -22 = 5*r + 2*o - 97, 0 = -5*r - 4*o + 85. Suppose 2*w - 13 = -t + 6, -r = -2*w - 3*t. List the prime factors of w.
11
Let h = -10 + 12. Suppose -h*w + 7*w + 10 = 0, -3*q + 3*w = -30. List the prime factors of q.
2
Suppose 8 = 3*s + 2. Suppose 0 = -h - s*j + 14, -h = -4*h + 2*j + 42. List the prime factors of h.
2, 7
Suppose k + 0 = -5. Let x = -3 - k. What are the prime factors of x?
2
Let k(f) = 2*f**2 + 3*f + 1. Let u be k(-2). Let a = 36 + -21. Suppose u*b - 31 = -3*g + 4*b, -a = -3*g - 3*b. What are the prime factors of g?
3
Let i = -11 - -15. Suppose 0 = -4*z + 2*z + 68. Suppose -2*y = 4*w - z, -w = -i*y + 3 + 29. What are the prime factors of y?
3
Suppose 5*u = -5*k + 9 + 66, 0 = -2*u + 4*k. Suppose 5*d - 50 = -u. What are the prime factors of d?
2
Let a = -23 - -27. Suppose -a*d = -81 - 27. List the prime factors of d.
3
Let c(l) = -7*l**3 + l**2 - l - 1. Suppose 2*s + 4 = -2*s. What are the prime factors of c(s)?
2
Let a be ((-9)/(-6))/(12/16). Suppose -12 - 16 = -a*g. List the prime factors of g.
2, 7
Let f = 10 - 2. List the prime factors of -1 - -1 - (3 - f).
5
List the prime factors of 246 + (-3 + 2)*(-8)/4.
2, 31
Suppose g - u - 16 = -3*g, 3*g = 3*u + 3. Let o be (-4)/(2 + 0) - -5. Suppose -o*k + 4*q = -33, 0 = 2*k + g*q - 9*q - 22. List the prime factors of k.
11
List the prime factors of 6/30 + 148/10.
3, 5
List the prime factors of 2 + 25 - (-4)/(-4).
2, 13
List the prime factors of 2/2*(-1 - -64).
3, 7
Let t = -69 - -39. Let c = t + 71. What are the prime factors of c?
41
Suppose -5*o + 3*v = 35, -o + 2 = o + 2*v. Let w = o + 6. Suppose w*r + r = 21. List the prime factors of r.
7
Suppose -4*p = 20, -2*t + p + 1 = 2*p. Let o = 2 - t. List the prime factors of (o - (-13 + 2)) + -1.
3
Let g(k) = -k**2 - 14*k - 14. Let q be g(-10). Suppose -3*i - z + 2*z = -41, -2*i + q = -2*z. List the prime factors of i.
2, 7
Let o be (2/(-2))/(1/(-5)). Suppose 0 